to base 4.
-12313330
Convert -1838677 (base 11) to base 12.
-1062a46
-2bdc0d (base 14) to base 7
-16025616
Convert 200104122 (base 5) to base 15.
107877
-133202132323 (base 4) to base 16
-7e27bb
10033154 (base 6) to base 9
473277
-5b3891 (base 12) to base 16
-16902d
Convert 2482780 (base 9) to base 16.
14a7bf
Convert -100001001100001100101100 (base 2) to base 15.
-b6cecb
What is 83472 (base 10) in base 7?
465234
What is -58225 (base 9) in base 12?
-1a572
Convert 12233200 (base 5) to base 14.
30d93
What is -21133001 (base 4) in base 15?
-b79e
Convert -16bf1e (base 16) to base 14.
-2ab39c
2030332121 (base 4) to base 12
23a1b5
What is -1153237 (base 9) in base 4?
-2120300032
1001010101111001 (base 2) to base 8
112571
-3040021 (base 6) to base 12
-70011
Convert -3899090 (base 11) to base 13.
-1522c93
What is 20c47a (base 13) in base 11?
486342
-100010000101110101110010 (base 2) to base 16
-885d72
What is -68975 (base 12) in base 8?
-420551
Convert -1145643 (base 7) to base 3.
-21102102010
-210304 (base 12) to base 14
-d711a
4bd5 (base 15) to base 5
1004200
-10000001111001011001011 (base 2) to base 3
-22000020202122
What is -44710145 (base 8) in base 5?
-4433431012
Convert -22ba55 (base 14) to base 6.
-41220415
4006879 (base 10) to base 14
764339
What is -121220120202201 (base 3) in base 9?
-17816681
What is -2615280 (base 10) in base 16?
-27e7f0
10445352 (base 6) to base 9
533405
What is 101220122010 (base 3) in base 2?
110100011100000100
What is 1024420104 (base 5) in base 9?
4101134
Convert -20776 (base 14) to base 16.
-131e4
What is -258a6 (base 12) in base 14?
-14a2a
What is -e683 (base 16) in base 11?
-40377
What is -77158 (base 9) in base 4?
-30133130
Convert -aa258b (base 12) to base 8.
-12231273
Convert 3412223 (base 6) to base 5.
21013022
Convert -1002222121011201 (base 3) to base 4.
-330302131222
Convert 3064500 (base 7) to base 10.
368970
-304e2 (base 15) to base 13
-54833
12011112002 (base 3) to base 7
602351
21932 (base 13) to base 16
edd1
What is 22881 (base 10) in base 11?
16211
22a978d (base 14) to base 10
16545073
What is -10111011010110 (base 2) in base 6?
-131302
What is 21464510 (base 7) in base 12?
751535
10866 (base 10) to base 5
321431
34f879 (base 16) to base 3
20112100222101
What is 3316024 (base 7) in base 16?
63925
What is 72a37 (base 12) in base 14?
3c9ab
-110111101010101011 (base 2) to base 16
-37aab
785c10 (base 14) to base 6
223342434
Convert -22150210 (base 6) to base 16.
-a2f7e
What is 23013510 (base 7) in base 5?
1003104330
What is 1000102012002 (base 3) in base 10?
539597
31001333000 (base 4) to base 9
6375775
What is -174639 (base 11) in base 4?
-1001310332
Convert 221202303 (base 4) to base 13.
5c5b6
16052623 (base 7) to base 6
53020531
316ee (base 15) to base 10
156824
What is 3621132 (base 9) in base 7?
22452542
Convert -11035232 (base 6) to base 15.
-68402
-1164614 (base 7) to base 15
-2e90e
What is -10000200201 (base 3) in base 5?
-3401204
Convert 25312536 (base 7) to base 4.
20232313113
Convert -2013031130 (base 4) to base 16.
-8735c
What is -10221221133 (base 4) in base 7?
-13235265
What is -9020e (base 15) in base 16?
-6f599
Convert 676371 (base 8) to base 13.
80089
Convert -3310301242 (base 5) to base 16.
-6ca063
Convert -5655045 (base 8) to base 2.
-101110101101000100101
What is 1210ac (base 13) in base 5?
102241004
What is 1000010001010001010110 (base 2) in base 3?
11002010210101
-1001000001001000110110 (base 2) to base 7
-26044002
What is 1110001110100110 (base 2) in base 8?
161646
-826268 (base 9) to base 14
-ca880
-26418bb (base 12) to base 14
-1007b1d
What is 10001101011101110000001 (base 2) in base 4?
101223232001
3461474 (base 9) to base 11
1068794
What is 120001101122200 (base 3) in base 4?
132200321121
53045 (base 8) to base 6
250033
-230874 (base 12) to base 16
-88fd8
-22797 (base 12) to base 3
-2100011121
Convert -2256a6 (base 13) to base 15.
-11082d
-78324 (base 14) to base 15
-5b574
-2867812 (base 9) to base 7
-16301405
12363a (base 11) to base 7
1441535
101000011000110100 (base 2) to base 15
34038
25144534 (base 6) to base 14
170238
24ab62 (base 15) to base 10
1757567
Convert -1516610 (base 9) to base 16.
-cc9e4
Convert -1245312314 (base 6) to base 9.
-30780471
4434110 (base 5) to base 6
1354205
What is 33223512 (base 7) in base 2?
1010111011000010101011
21212000121 (base 3) to base 7
1212424
What is -2201936 (base 11) in base 6?
-214521535
-422240 (base 8) to base 6
-3002120
Convert 12323210 (base 5) to base 8.
353156
12632626 (base 7) to base 15
181091
660926 (base 13) to base 5
1103310202
Convert 30344404 (base 5) to base 12.
baa32
What is -b97ea9 (base 15) in base 3?
-121121220021120
Convert 11100001101100011111 (base 2) to base 14.
1a0c7d
What is 40db (base 14) in base 7?
44364
-9a56 (base 13) to base 3
-1002112120
Convert -1378776 (base 12) to base 13.
-a639b3
What is -1a598 (base 14) in base 4?
-100112122
What is -212122001022201 (base 3) in base 9?
-25561281
1c1628 (base 13) to base 15
e27d0
Convert 14621651 (base 7) to base 10.
1400456
-202749 (base 10) to base 4
-301133331
Convert 2a84b89 (base 12) to base 10.
8634777
What is 3732488 (base 9) in base 14?
3ab719
Convert -1350248 (base 9) to base 5.
-142212344
1455564 (base 8) to base 9
704450
What is -1536872 (base 9) in base 3?
-1121020222102
20bb2cb (base 14) to base 6
1312252403
Convert -15a3d2 (base 15) to base 6.
-34235442
What is -894c51 (base 14) in base 4?
-101302013213
What is -51601 (base 9) in base 14?
-c581
-4db353 (base 15) to base 13
-a09497
-31907 (base 15) to base 13
-56788
What is -22b9c (base 14) in base 2?
-10100101010000110
11311122 (base 6) to base 15
6e222
13616 (base 14) to base 4
23223210
Convert 74843 (base 10) to base 11.
5125a
Convert a887 (base 11) to base 4.
3200211
Convert -13022124 (base 7) to base 10.
-1182045
What is -116636 (base 10) in base 11?
-7a6a3
1b958 (base 12) to base 2
1010000010010100
What is -3714916 (base 10) in base 13?
-a00b9a
-ca490 (base 16) to base 10
-828560
3173645 (base 9) to base 16
19f87d
What is -3087c (base 14) in base 3?
-12221101121
Convert -2581012 (base 9) to base 10.
-1411355
Convert 12002221323 (base 4) to base 9.
2873430
What is -123210102031 (base 4) in base 13?
-1660354
What is 218808 (base 9) in base 3?
20122220022
2251760 (base 8) to base 12
255928
What is a62014 (base 12) in base 9?
4826677
1001101000111101001011 (base 2) to base 13
6a62c7
-6c7cb8 (base 13) to base 14
-4b5248
What is 22000110212221 (base 3) in base 8?
20202072
Convert -12002103 (base 4) to base 16.
-6093
Convert -2679c (base 13) to base 8.
-213700
What is 10501528 (base 9) in base 5?
2300014444
What is 19094e (base 16) in base 3?
10002100201201
What is 73067 (base 10) in base 16?
11d6b
What is -2120021022 (base 3) in base 2?
-1100010101000010
What is 11010100010110011100011 (base 2) in base 8?
32426343
-1515150 (base 6) to base 14
-240c2
What is 26a29f (base 16) in base 8?
11521237
-1122332113 (base 4) to base 10
-372631
9b9765 (base 13) to base 8
16015257
What is -72973 (base 16) in base 2?
-1110010100101110011
Convert 7b01e4 (base 16) to base 13.
1893388
167233 (base 12) to base 13
106710
Convert 3014417 (base 8) to base 3.
1111021120201
554301 (base 7) to base 6
2031400
-241548 (base 9) to base 8
-434160
What is 1052232121 (base 6) in base 10?
11590609
Convert 461a5 (base 12) to base 4.
112312031
12424311302 (base 5) to base 2
111010111111001110011111
Convert 765697 (base 14) to base 16.
3d3135
-11000001100101100100011 (base 2) to base 8
-30145443
Convert 1245050 (base 9) to base 13.
1aa372
What is 6aba01 (base 12) in base 11?
a75955
Convert -6a1d39 (base 16) to base 8.
-32416471
What is 17216057 (base 8) in base 9?
7473631
Convert 2442204 (base 6) to base 11.
89830
What is 1200202202121 (base 3) in base 12?
375407
111011101000101111011 (base 2) to base 7
22416202
What is 345436 (base 8) in base 11?
8033a
Convert 8a14a (base 12) to base 4.
230301022
What is -30801 (base 13) in base 2?
-10101001111111100
-20521624 (base 8) to base 12
-1567418
-2ae1a (base 15) to base 10
-138175
Convert -3a59356 (base 12) to base 10.
-11566002
Convert 10212103 (base 5) to base 8.
246436
What is -3db68 (base 16) in base 9?
-424662
What is abd6e4 (base 16) in base 15?
ec6bcd
Convert -1bb98a (base 14) to bas